{"id":25,"date":"2011-12-09T14:45:10","date_gmt":"2011-12-09T14:45:10","guid":{"rendered":"https:\/\/www.cafe-birnbraeuer.de\/?page_id=25"},"modified":"2013-06-19T09:09:30","modified_gmt":"2013-06-19T09:09:30","slug":"die-confiserie","status":"publish","type":"page","link":"https:\/\/www.cafe-birnbraeuer.de\/index.php\/die-confiserie\/","title":{"rendered":"Pralinen"},"content":{"rendered":"<p>Nach unserer Philosophie verwenden wir ausschlie\u00dflich die besten Rohstoffe und edelsten Zutaten f\u00fcr unsere Produkte. Jede Praline wird nach eigenem Rezept in handwerklicher Tradition in unserem Hause gefertigt. Es werden ausschlie\u00dflich hochwertige Kakaosorten und edle Br\u00e4nde verwendet. Ein Geschmacks Erlebnis f\u00fcr Ihren Gaumen.<\/p>\n<p>Gro\u00dfe Auswahl an Pralinenschachteln und Pralinenpr\u00e4senten.<\/p>\n<!-- default-view.php -->\n<div\n\tclass=\"ngg-galleryoverview default-view  ngg-ajax-pagination-none\"\n\tid=\"ngg-gallery-d99966cf1c757405e8279fd2cab05303-1\">\n\n\t\t<!-- Thumbnails -->\n\t\t\t\t<div id=\"ngg-image-0\" class=\"ngg-gallery-thumbnail-box \" >\n\t\t\t\t        <div class=\"ngg-gallery-thumbnail\">\n            <a href=\"https:\/\/www.cafe-birnbraeuer.de\/wp-content\/gallery\/pralinen\/pralinen-auf-tisch.jpg\"\n               title=\"\"\n               data-src=\"https:\/\/www.cafe-birnbraeuer.de\/wp-content\/gallery\/pralinen\/pralinen-auf-tisch.jpg\"\n               data-thumbnail=\"https:\/\/www.cafe-birnbraeuer.de\/wp-content\/gallery\/pralinen\/thumbs\/thumbs_pralinen-auf-tisch.jpg\"\n               data-image-id=\"33\"\n               data-title=\"pralinen-auf-tisch\"\n               data-description=\"\"\n               data-image-slug=\"pralinen-auf-tisch\"\n               class=\"shutterset_d99966cf1c757405e8279fd2cab05303\">\n                <img\n                    title=\"pralinen-auf-tisch\"\n                    alt=\"pralinen-auf-tisch\"\n                    src=\"https:\/\/www.cafe-birnbraeuer.de\/wp-content\/gallery\/pralinen\/thumbs\/thumbs_pralinen-auf-tisch.jpg\"\n                    width=\"200\"\n                    height=\"150\"\n                    style=\"max-width:100%;\"\n                \/>\n            <\/a>\n        <\/div>\n\t\t\t\t\t\t\t<\/div> \n\t\t\t\n\t\t\t\t<div id=\"ngg-image-1\" class=\"ngg-gallery-thumbnail-box \" >\n\t\t\t\t        <div class=\"ngg-gallery-thumbnail\">\n            <a href=\"https:\/\/www.cafe-birnbraeuer.de\/wp-content\/gallery\/pralinen\/regal.jpg\"\n               title=\"\"\n               data-src=\"https:\/\/www.cafe-birnbraeuer.de\/wp-content\/gallery\/pralinen\/regal.jpg\"\n               data-thumbnail=\"https:\/\/www.cafe-birnbraeuer.de\/wp-content\/gallery\/pralinen\/thumbs\/thumbs_regal.jpg\"\n               data-image-id=\"34\"\n               data-title=\"regal\"\n               data-description=\"\"\n               data-image-slug=\"regal\"\n               class=\"shutterset_d99966cf1c757405e8279fd2cab05303\">\n                <img\n                    title=\"regal\"\n                    alt=\"regal\"\n                    src=\"https:\/\/www.cafe-birnbraeuer.de\/wp-content\/gallery\/pralinen\/thumbs\/thumbs_regal.jpg\"\n                    width=\"200\"\n                    height=\"150\"\n                    style=\"max-width:100%;\"\n                \/>\n            <\/a>\n        <\/div>\n\t\t\t\t\t\t\t<\/div> \n\t\t\t\n\t\n\t<br style=\"clear: both\" \/>\n\n\t\n\t\t<!-- Pagination -->\n\t<div class='ngg-clear'><\/div>\t<\/div>\n\n<p>&nbsp;<\/p>\n","protected":false},"excerpt":{"rendered":"<p>Nach unserer Philosophie verwenden wir ausschlie\u00dflich die besten Rohstoffe und edelsten Zutaten f\u00fcr unsere Produkte. Jede Praline wird nach eigenem Rezept in handwerklicher Tradition in unserem Hause gefertigt. Es werden ausschlie\u00dflich hochwertige Kakaosorten und edle Br\u00e4nde verwendet. Ein Geschmacks Erlebnis &hellip; <a href=\"https:\/\/www.cafe-birnbraeuer.de\/index.php\/die-confiserie\/\">Weiterlesen <span class=\"meta-nav\">&rarr;<\/span><\/a><\/p>\n","protected":false},"author":1,"featured_media":0,"parent":0,"menu_order":20,"comment_status":"closed","ping_status":"closed","template":"","meta":{"ngg_post_thumbnail":0},"_links":{"self":[{"href":"https:\/\/www.cafe-birnbraeuer.de\/index.php\/wp-json\/wp\/v2\/pages\/25"}],"collection":[{"href":"https:\/\/www.cafe-birnbraeuer.de\/index.php\/wp-json\/wp\/v2\/pages"}],"about":[{"href":"https:\/\/www.cafe-birnbraeuer.de\/index.php\/wp-json\/wp\/v2\/types\/page"}],"author":[{"embeddable":true,"href":"https:\/\/www.cafe-birnbraeuer.de\/index.php\/wp-json\/wp\/v2\/users\/1"}],"replies":[{"embeddable":true,"href":"https:\/\/www.cafe-birnbraeuer.de\/index.php\/wp-json\/wp\/v2\/comments?post=25"}],"version-history":[{"count":11,"href":"https:\/\/www.cafe-birnbraeuer.de\/index.php\/wp-json\/wp\/v2\/pages\/25\/revisions"}],"predecessor-version":[{"id":81,"href":"https:\/\/www.cafe-birnbraeuer.de\/index.php\/wp-json\/wp\/v2\/pages\/25\/revisions\/81"}],"wp:attachment":[{"href":"https:\/\/www.cafe-birnbraeuer.de\/index.php\/wp-json\/wp\/v2\/media?parent=25"}],"curies":[{"name":"wp","href":"https:\/\/api.w.org\/{rel}","templated":true}]}}